late the highest common factor of 67 and 402.
67
Calculate the highest common divisor of 123490 and 4770.
530
Calculate the highest common factor of 133 and 179550.
133
What is the greatest common divisor of 13737 and 399?
57
What is the highest common factor of 11738801 and 31?
31
Calculate the greatest common divisor of 104 and 1252004.
52
Calculate the highest common divisor of 119957 and 27616.
863
Calculate the highest common factor of 978275 and 1090.
545
What is the greatest common divisor of 8 and 185176?
8
Calculate the highest common factor of 1106027 and 65.
13
What is the highest common divisor of 6667 and 2486?
113
What is the highest common factor of 144 and 1372944?
48
Calculate the greatest common factor of 154352 and 88.
88
Calculate the greatest common divisor of 6175 and 12545.
65
Calculate the highest common divisor of 1092 and 35896.
28
What is the highest common divisor of 14 and 2238852?
14
Calculate the greatest common divisor of 1114 and 24363180.
1114
Calculate the highest common divisor of 740988 and 648.
324
Calculate the greatest common factor of 122 and 276574.
122
What is the greatest common factor of 17228440 and 20?
20
What is the greatest common divisor of 3492 and 1353732?
1164
Calculate the greatest common factor of 198 and 997194.
66
What is the highest common factor of 5 and 4132?
1
What is the highest common divisor of 2 and 793167?
1
What is the highest common divisor of 15786 and 351?
9
Calculate the highest common factor of 72 and 1482.
6
Calculate the highest common factor of 314 and 1093819.
157
What is the greatest common divisor of 120770 and 520?
130
Calculate the greatest common factor of 29 and 2204783.
29
Calculate the greatest common factor of 36456 and 720.
24
What is the highest common divisor of 594 and 4374?
54
Calculate the highest common divisor of 45721 and 923.
13
What is the highest common factor of 342 and 24567?
57
What is the highest common divisor of 265 and 2751230?
265
What is the highest common divisor of 82328 and 656?
328
What is the greatest common divisor of 519424 and 4096?
256
Calculate the highest common divisor of 249932 and 4.
4
Calculate the highest common divisor of 7689 and 48.
3
What is the highest common divisor of 10481 and 13157?
223
Calculate the greatest common factor of 70750 and 2264.
566
Calculate the greatest common divisor of 101630 and 60.
10
What is the greatest common factor of 68 and 141572?
4
Calculate the highest common factor of 961406 and 1076.
538
Calculate the highest common factor of 208 and 37808.
16
Calculate the greatest common divisor of 3526 and 2537.
43
What is the greatest common factor of 141 and 75717?
141
Calculate the highest common factor of 4068 and 27.
9
Calculate the highest common divisor of 13293 and 6300.
63
Calculate the highest common divisor of 567 and 3143.
7
Calculate the greatest common divisor of 22 and 84403.
11
What is the highest common divisor of 155 and 3788665?
155
What is the highest common factor of 9860 and 17?
17
Calculate the greatest common divisor of 110983 and 116.
29
Calculate the highest common factor of 8229 and 9022.
13
Calculate the highest common factor of 4680 and 71695.
65
Calculate the highest common factor of 32 and 19960.
8
What is the greatest common factor of 1200 and 477200?
400
Calculate the greatest common factor of 7426 and 46136.
158
Calculate the highest common divisor of 943750 and 302.
302
What is the greatest common divisor of 181689 and 21?
3
Calculate the greatest common divisor of 7335 and 135.
45
Calculate the highest common divisor of 296 and 31006.
74
Calculate the greatest common factor of 1866 and 18.
6
What is the highest common divisor of 1003440 and 555?
555
What is the greatest common divisor of 557 and 82?
1
What is the greatest common factor of 256074 and 156?
78
What is the greatest common divisor of 324972 and 648?
324
What is the greatest common divisor of 124040 and 1120?
280
Calculate the greatest common divisor of 70 and 1106.
14
What is the greatest common divisor of 1370 and 430?
10
What is the greatest common factor of 2912 and 105404?
52
What is the highest common factor of 209 and 97527?
19
Calculate the greatest common factor of 78540 and 8160.
1020
What is the highest common divisor of 672264 and 27?
9
Calculate the greatest common divisor of 3138 and 30.
6
Calculate the highest common divisor of 114050 and 2300.
50
Calculate the highest common divisor of 18546 and 143.
11
Calculate the highest common factor of 3591 and 1638.
63
What is the greatest common factor of 545 and 109?
109
What is the greatest common factor of 10 and 106510?
10
What is the highest common divisor of 436 and 3644?
4
Calculate the greatest common divisor of 6777 and 466107.
753
What is the greatest common divisor of 19 and 36119?
19
What is the greatest common factor of 695868 and 206?
206
What is the highest common factor of 15966171 and 117?
117
What is the highest common divisor of 118840 and 40?
40
What is the highest common divisor of 68614 and 17458?
406
Calculate the greatest common factor of 917 and 2471.
7
What is the greatest common factor of 129 and 940453?
43
Calculate the greatest common factor of 129096 and 891.
99
What is the highest common factor of 1578950 and 1725?
575
What is the highest common divisor of 465159 and 141?
141
Calculate the highest common divisor of 1337 and 197303.
191
What is the greatest common divisor of 525 and 6531?
21
What is the highest common factor of 11039 and 747?
83
What is the highest common divisor of 5278 and 47684?
182
What is the greatest common factor of 102619 and 9820?
491
What is the greatest common factor of 4 and 34148?
4
Calculate the greatest common divisor of 18286662 and 51.
51
What is the greatest common divisor of 21311 and 31613?
101
Calculate the greatest common divisor of 56 and 327880.
56
What is the greatest common factor of 83 and 1023722?
83
What is the greatest common factor of 311060 and 1812?
604
What is the highest common divisor of 5012 and 20764?
716
What is the greatest common factor of 1197 and 3771?
9
Calculate the highest common divisor of 1935 and 510.
15
Calculate the greatest common divisor of 612 and 293556.
204
What is the greatest common factor of 14347785 and 1095?
1095
What is the greatest common factor of 25 and 522100?
25
What is the highest common divisor of 720 and 202320?
720
What is the greatest common factor of 2200 and 3320?
40
Calculate the greatest common divisor of 160210 and 222.
74
What is the greatest common divisor of 9703 and 124?
31
Calculate the greatest common factor of 37112 and 200.
8
What is the greatest common divisor of 351 and 9598446?
351
What is the highest common factor of 1610 and 22862?
322
What is the highest common factor of 115905 and 15?
15
What is the highest common divisor of 14667 and 45?
3
What is the highest common divisor of 3612 and 37668?
516
Calculate the highest common factor of 290530 and 15980.
170
Calculate the greatest common factor of 1598435 and 15.
5
Calculate the greatest common divisor of 45405 and 2025.
45
What is the greatest common factor of 11988 and 192?
12
What is the highest common factor of 67659 and 342?
57
Calculate the highest common factor of 406 and 1792.
14
Calculate the highest common divisor of 24 and 47454.
6
Calculate the highest common factor of 1253 and 119751.
179
Calculate the highest common factor of 40 and 1307840.
40
Calculate the greatest common divisor of 4026 and 5856.
366
What is the highest common divisor of 11704 and 8932?
308
Calculate the greatest common divisor of 1218 and 186.
6
What is the greatest common factor of 1432 and 4833?
179
Calculate the greatest common factor of 75117 and 2744.
343
Calculate the greatest common divisor of 11092718 and 2548.
1274
What is the highest common divisor of 48 and 30288?
48
Calculate the greatest common factor of 11055 and 1320.
165
What is the greatest common divisor of 202 and 64943?
101
What is the highest common divisor of 886860 and 30?
30
What is the highest common factor of 30 and 522285?
15
Calculate the greatest common divisor of 5252 and 56.
4
Calculate the highest common divisor of 422 and 54.
2
Calculate the highest common factor of 708 and 912.
12
Calculat